 = 3*f - 4*c + 3*c - 295. What is the units digit of f?
7
Let p = 638 + 176. What is the tens digit of p?
1
Let k(x) = -2*x + 22. Let v be k(11). Let w(d) = 2*d + 2. Let r be w(v). Suppose -141 = -r*m - m. What is the units digit of m?
7
Let j = -333 - -947. What is the units digit of j?
4
Let c = -44 + -48. Let n = 181 + c. What is the units digit of n?
9
Let p = 20 - 18. Suppose p*k - 57 = -7. What is the units digit of k?
5
Let m = -433 - -621. Let y = m - 18. What is the units digit of y?
0
Let g = 110 - 129. What is the tens digit of 36/(-1)*(14 + g)?
8
Let x = -701 - -1219. Let p = 778 - x. What is the units digit of p/15 + (-1)/3?
7
Let b(p) = 19*p - 78. Let g be b(-9). What is the units digit of g/(-2) - (5/(-2) - -3)?
4
Let k(r) = 11*r**2 - 17*r + 7. What is the units digit of k(5)?
7
Suppose -16*u = -7*u - 4275. What is the hundreds digit of u?
4
Suppose -22*p + 13701 - 4153 = 0. What is the tens digit of p?
3
What is the tens digit of (-6)/(-1 + 7)*(6 + -987)?
8
Suppose 8*o = 26 - 2. Suppose -t - 4 = 0, 301 = o*c - 5*t + 8. What is the tens digit of c?
9
Let c = -9 + 23. Let u = c + 44. What is the tens digit of u?
5
Let m = 6537 - 2365. What is the thousands digit of m?
4
Let d(q) = q**3 + q + 42. Let s = 17 - 17. Let l be d(s). What is the tens digit of l/(0 + 2) + 3?
2
Suppose -z - z + 194 = 0. Let o = -11 + z. Let w = o - 55. What is the units digit of w?
1
Suppose -24551 - 20098 = -41*z. What is the tens digit of z?
8
Let i = 16 - 5. Let z = i + -9. Suppose z*o + 3*o = 185. What is the units digit of o?
7
Suppose -8*s + 12*s + 872 = 0. Let j = -129 - s. What is the tens digit of j?
8
Suppose 4*v - 6*v = -4. Suppose -3*p + v*p - 10 = -2*o, 0 = -p. Suppose -o*b = -6*b + 46. What is the units digit of b?
6
Suppose 0 = 32*k - 52*k + 29320. What is the thousands digit of k?
1
Let i(c) = -c**3 + 26*c**2 + 32*c + 69. What is the tens digit of i(27)?
0
Suppose 4*j = -13 + 1. Let y(k) = -k**3 - 2*k**2 + 2*k - 3. Let r be y(j). Suppose 5*g = -2*h - 3*h + 75, 2*g - 4*h - 24 = r. What is the units digit of g?
4
Suppose -7799 = -3*l + 2242. What is the thousands digit of l?
3
Suppose -335 - 73 = 8*h. Let j = h + 140. What is the units digit of j?
9
Suppose -2*o - 3*o = -15. Suppose -o*d = 5*n - 7*d - 212, -71 = -2*n - 3*d. Suppose -2*t - f + 70 = f, t - 4*f = n. What is the units digit of t?
6
Suppose -5*n + 44 = y, 2*y + 3*y + 4*n - 157 = 0. Suppose 2*l = -32 + 2. Let q = l + y. What is the tens digit of q?
1
Let h(q) = q**2 + 4*q + 2. Suppose 6*w = 3*w + 9. What is the tens digit of h(w)?
2
Let u(x) = 2*x**3 - 7*x**2 - 6*x + 17. Let m be (-3)/((-3)/(-4)) + 10. What is the hundreds digit of u(m)?
1
Let u(c) = -c**2 - 37*c + 69. Let o(k) = 2*k**2 + 36*k - 70. Let z(i) = -2*o(i) - 3*u(i). What is the tens digit of z(25)?
8
Let m(z) = 77*z + 60. Let v be m(8). Let q = v - 471. What is the hundreds digit of q?
2
Suppose 2*w = 0, -3*u + 2*u - 5*w + 5 = 0. Suppose u*i + 5 = 25. What is the units digit of 3 - i*-3 - 3?
2
Suppose -12 = 2*t + 78. Let c be 9/t + (-31)/(-5). Suppose 206 = -c*p + 494. What is the units digit of p?
8
What is the units digit of (-14)/21 - (-3149)/(-3)*-1?
9
Let g(q) = -41*q**3 + 21*q**3 + 19*q**3 + q - 1 + 3*q**2. What is the units digit of g(-2)?
7
Suppose 5*j - 22*y + 23*y - 5321 = 0, -5*j + 2*y = -5333. What is the hundreds digit of j?
0
Suppose -85 = -l - 33. What is the tens digit of 16/10*2730/l?
8
What is the units digit of (2 + 5809)*(-8 + (-125)/(-15))?
7
Let l = 0 + 4. Let k(h) = -h + 8. Let v(x) = -1. Let s(q) = l*k(q) + 44*v(q). What is the units digit of s(-6)?
2
Let q be 11 + 12/(1 - 4). Let o(b) = 16*b - 23. What is the units digit of o(q)?
9
Suppose -8*c + 12*c = 20. Suppose -3*s = -c*s + 16. What is the units digit of s?
8
Suppose 3*d - 2*d = 5. What is the tens digit of (-16)/d*(0 + (-30)/4)?
2
Let z(h) = h**2 + 12*h - 6*h + 14*h - 5 + 22. What is the units digit of z(-20)?
7
Let z(o) = o + 595. What is the hundreds digit of z(-7)?
5
Suppose -4*n + 0*n + 24 = 2*y, 4*n = y + 24. Let b = 1 + n. What is the units digit of b?
7
Suppose -6*q - 500 = -122. Let a = q + 104. What is the units digit of a?
1
Let p = -31 + 32. Suppose -2*r - 19 - 1 = 2*u, 0 = -2*u - 3*r - 24. Let y = p - u. What is the units digit of y?
7
Let k(l) = -1071*l + 33. What is the units digit of k(-1)?
4
Suppose u + 2*g = -31, 0*u - 5*u = 5*g + 165. Let v = u + 25. Let x(m) = m**2 + 9*m + 6. What is the units digit of x(v)?
6
Let c(z) = 72*z**3 - 3*z**2 - 9*z + 18. What is the hundreds digit of c(2)?
5
Suppose -9*g = -10*g + 1402. What is the thousands digit of g?
1
Let h = 118 - 18. Suppose h = 4*q + w + 19, -3*w + 33 = 2*q. Let m = q - 7. What is the units digit of m?
4
Let l(d) be the second derivative of -5*d**3/3 + 8*d**2 - 14*d. What is the tens digit of l(-8)?
9
Let t(h) = -h**2 - 14*h. Let g be t(-14). Suppose 4*w - 3*z - 134 = 294, g = w - z - 108. What is the hundreds digit of w?
1
Suppose -4*g + 2*k = -1808, 8*g - 3*k - 2260 = 3*g. What is the units digit of g?
2
Suppose 5*q - 5951 = -3*s, -5*s + 9873 = -8*q + 5*q. What is the thousands digit of s?
1
Let j = -16 + 41. Let i be (-70)/j + 2/(-10). What is the units digit of -5*9/5*i?
7
Suppose -9*c - 20 = -4*c. Let a be (3/1 + c)*-4. Suppose -a*z + 28 = -48. What is the tens digit of z?
1
Suppose -8 = 4*j, -2*j - 389 = 5*k + 80. What is the units digit of -1*1/4*(k + 1)?
3
Suppose -10 = 2*n - 4*n. Suppose -5*y + 0 = -2*c - 21, -4*y + n*c = -27. What is the units digit of y?
3
Let t(m) = -7*m + 5. Let s(q) = -13*q + 10. Let a(k) = 2*s(k) - 5*t(k). Suppose 0 = 27*y - 54 - 54. What is the units digit of a(y)?
1
Let x(m) = m**2 + 15*m - 63. Let n be x(-15). Let w = 179 + n. What is the units digit of w?
6
Let d = 86 + -50. Let n = d + -24. What is the tens digit of 21/(-6)*-1*n?
4
Suppose -9*l + 585 = -1827. Suppose -232 = -4*g + l. What is the tens digit of g?
2
What is the tens digit of -8394*(-9 - (-153)/18)?
9
Let k(v) = 3*v - 17. Let x be k(7). Suppose -4*r = -o + 15 + 49, x*o + 2*r - 292 = 0. What is the units digit of o?
2
Suppose -3*b + 1073 = v, 0 = 5*v - 6*b + 3*b - 5401. What is the tens digit of v?
7
Suppose -89*o = -99*o + 14560. What is the tens digit of o?
5
Suppose 0 = -42*t + 52*t - 11030. What is the units digit of t?
3
Let t(m) be the second derivative of 5*m**4/2 + m**3/3 + m**2/2 - 8*m. What is the tens digit of t(-1)?
2
Suppose 25 = 5*b + 3*c, 4*b + 15 = 4*c + 3. Suppose -3*k + 6 = 0, -3*l - 5*k + b*k + 198 = 0. What is the units digit of l?
4
Suppose 0 = h - 3*h + 5*q + 16, -3*q = 3*h - 3. What is the units digit of (h/2)/((-6)/(-248))?
2
Let t = -1305 - -2192. What is the tens digit of t?
8
Suppose -2*q = -21 + 11, -4*d - q + 5145 = 0. What is the hundreds digit of d?
2
Suppose -4*r + 9*r = -20. Let c be (-10)/r*(-12)/(-15). Let n(k) = 3*k**3 - 2*k**2 + 1. What is the tens digit of n(c)?
1
Let l(h) = 393*h - 12. What is the units digit of l(5)?
3
Suppose 0 = 2*j + 3*k - 1923, 5*k + 3225 + 588 = 4*j. What is the units digit of j?
7
Suppose -384*q = -387*q + 1785. What is the tens digit of q?
9
Let s = 2238 - 1294. What is the tens digit of s?
4
Suppose -4*l = 4*u - 2*u - 1616, -5*l - u + 2023 = 0. Let r = -280 + l. What is the units digit of r?
5
Let q be (-1)/((-2)/106) - -2. Let x = q - 37. Let s = -16 + x. What is the units digit of s?
2
Let n be -2 - 10 - (-1)/(-1). Let v(c) = -4*c**2 - 8*c - 15. Let r(l) = 11*l**2 + 25*l + 44. Let s(y) = 3*r(y) + 8*v(y). What is the units digit of s(n)?
8
Suppose -20 = 2*x - 0*x. Let d = 20 + x. Suppose -29 = -11*y + d*y. What is the units digit of y?
9
Suppose 2*k - 6 - 6 = 0. Suppose -4*u = -z - z + k, 15 = 5*z - u. Suppose 100 = 2*w + z*w. What is the tens digit of w?
2
Suppose -14*f + 660 = -9*f. What is the tens digit of f?
3
Let k(y) = 3*y + 19. Let d(s) = s. Let o be (-6)/18 - (-8)/6. Let m(l) = o*k(l) - 4*d(l). What is the units digit of m(0)?
9
Suppose -4*v - 75 = -v - 3*a, 0 = 4*v - 5*a + 103. What is the units digit of ((-22)/8)/((-1)/v)*-2?
1
Let j = 64 + -69. What is the tens digit of 418*(-2 - 1/(2/j))?
0
Suppose -5*z + 1811 + 4101 = -o, -3*z + 4*o = -3537. What is the hundreds digit of z?
1
Let s = -19 - -3. Let m = -18 - s. What is the units digit of -5 - -8 - 8/m?
7
Suppose 0 = 5*r - 6 - 4. Suppose